{"id":19,"date":"2024-12-22T13:04:34","date_gmt":"2024-12-22T12:04:34","guid":{"rendered":"https:\/\/bezirk04.de\/?page_id=19"},"modified":"2026-04-10T11:19:39","modified_gmt":"2026-04-10T09:19:39","slug":"downloads","status":"publish","type":"page","link":"https:\/\/bezirk04.de\/wordpress\/downloads\/","title":{"rendered":"Downloads"},"content":{"rendered":"<p>N\u00fctzliches von uns f\u00fcr euch!<br \/>\nHast du Anregungen f\u00fcr Inhalte in dieser Rubrik,<br \/>\nsende uns bitte eine Nachricht \u00fcber das <a href=\"https:\/\/bezirk04.de\/kontakt\/\" data-type=\"page\" data-id=\"22\">Kontaktformular<\/a>, danke!<\/p>\n<p><img loading=\"lazy\" decoding=\"async\" class=\"wp-image-373 alignnone\" src=\"https:\/\/bezirk04.de\/wp-content\/uploads\/file-download_12965272-e1735984539139.png\" alt=\"\" width=\"32\" height=\"32\" \/> <a href=\"https:\/\/bezirk04.de\/wp-content\/uploads\/satzung-rsb-bezirk-04-e.v.-vom-25.04.2024.pdf\" target=\"_blank\" rel=\"noopener\">Satzung des Sch\u00fctzenezirk 04 e.V. &#8211; Stand 25.04.2024 (PDF)<\/a><\/p>\n<p><img loading=\"lazy\" decoding=\"async\" class=\"wp-image-373 alignnone\" src=\"https:\/\/bezirk04.de\/wp-content\/uploads\/file-download_12965272-e1735984539139.png\" alt=\"\" width=\"32\" height=\"32\" \/> <a href=\"https:\/\/bezirk04.de\/wp-content\/uploads\/Geschaeftsordnung-RSB-Bezirk-04-e.V.-vom-15_05_2025.pdf\" target=\"_blank\" rel=\"noopener\">Gesch\u00e4ftsordnung &#8211; RSB-Bezirk 04 e.V. vom 15_05_2025 (PDF)<\/a><\/p>\n<p><img loading=\"lazy\" decoding=\"async\" class=\"alignnone wp-image-373\" src=\"https:\/\/bezirk04.de\/wp-content\/uploads\/file-download_12965272-e1735984539139.png\" alt=\"\" width=\"32\" height=\"32\" \/> <a href=\"https:\/\/bezirk04.de\/wp-content\/uploads\/bezirk-jugendordnung-2011.pdf\" target=\"_blank\" rel=\"noopener\">Jugendordnung des Bezirks &#8211; Stand 2011 (PDF)<\/a><\/p>\n<p><img loading=\"lazy\" decoding=\"async\" class=\"alignnone wp-image-373\" src=\"https:\/\/bezirk04.de\/wp-content\/uploads\/file-download_12965272-e1735984539139.png\" alt=\"\" width=\"32\" height=\"32\" \/> <a href=\"https:\/\/bezirk04.de\/wp-content\/uploads\/datenschutzerklaerung.pdf\" target=\"_blank\" rel=\"noopener\">Datenschutzerkl\u00e4rung (PDF)<\/a><\/p>\n<p><img loading=\"lazy\" decoding=\"async\" class=\"alignnone wp-image-373\" src=\"https:\/\/bezirk04.de\/wp-content\/uploads\/file-download_12965272-e1735984539139.png\" alt=\"\" width=\"32\" height=\"32\" \/> <a href=\"https:\/\/bezirk04.de\/wp-content\/uploads\/antrag_auf_vorschiessen_ueberspringen.pdf\" target=\"_blank\" rel=\"noopener\">Antrag auf Vorschie\u00dfen oder \u00dcberspringen der Kreis- \/ Bezirksmeisterschaft (PDF)<\/a><\/p>\n<p><img loading=\"lazy\" decoding=\"async\" class=\"alignnone wp-image-373\" src=\"https:\/\/bezirk04.de\/wp-content\/uploads\/file-download_12965272-e1735984539139.png\" alt=\"\" width=\"32\" height=\"32\" \/> <a href=\"https:\/\/bezirk04.de\/wp-content\/uploads\/Formular-2026.pdf\" target=\"_blank\" rel=\"noopener\">Formular 2026 f\u00fcr Spesen und Helferpauschalen (PDF)<\/a><\/p>\n<p><img loading=\"lazy\" decoding=\"async\" class=\"alignnone wp-image-373\" src=\"https:\/\/bezirk04.de\/wp-content\/uploads\/file-download_12965272-e1735984539139.png\" alt=\"\" width=\"32\" height=\"32\" \/> <a href=\"https:\/\/bezirk04.de\/wp-content\/uploads\/Richtlinie-Abrechnung-von-Spesen-und-Helferpauschalen.pdf\" target=\"_blank\" rel=\"noopener\">Richtlinie zur Abrechnung von Spesen und Helferpauschalen (PDF)<\/a><\/p>\n","protected":false},"excerpt":{"rendered":"<p>N\u00fctzliches von uns f\u00fcr euch! Hast du Anregungen f\u00fcr Inhalte in dieser Rubrik, sende uns bitte eine Nachricht \u00fcber das Kontaktformular, danke! Satzung des Sch\u00fctzenezirk 04 e.V. &#8211; Stand 25.04.2024 (PDF) Gesch\u00e4ftsordnung &#8211; RSB-Bezirk 04 e.V. vom 15_05_2025 (PDF) Jugendordnung des Bezirks &#8211; Stand 2011 (PDF) Datenschutzerkl\u00e4rung (PDF) Antrag auf Vorschie\u00dfen oder \u00dcberspringen der Kreis- <a class=\"excerpt-more\" href=\"https:\/\/bezirk04.de\/wordpress\/downloads\/\">[\u2026 weiter]<\/a><\/p>\n","protected":false},"author":1,"featured_media":0,"parent":0,"menu_order":0,"comment_status":"closed","ping_status":"closed","template":"","meta":{"footnotes":""},"class_list":["post-19","page","type-page","status-publish","hentry"],"_links":{"self":[{"href":"https:\/\/bezirk04.de\/wordpress\/wp-json\/wp\/v2\/pages\/19","targetHints":{"allow":["GET"]}}],"collection":[{"href":"https:\/\/bezirk04.de\/wordpress\/wp-json\/wp\/v2\/pages"}],"about":[{"href":"https:\/\/bezirk04.de\/wordpress\/wp-json\/wp\/v2\/types\/page"}],"author":[{"embeddable":true,"href":"https:\/\/bezirk04.de\/wordpress\/wp-json\/wp\/v2\/users\/1"}],"replies":[{"embeddable":true,"href":"https:\/\/bezirk04.de\/wordpress\/wp-json\/wp\/v2\/comments?post=19"}],"version-history":[{"count":26,"href":"https:\/\/bezirk04.de\/wordpress\/wp-json\/wp\/v2\/pages\/19\/revisions"}],"predecessor-version":[{"id":1525,"href":"https:\/\/bezirk04.de\/wordpress\/wp-json\/wp\/v2\/pages\/19\/revisions\/1525"}],"wp:attachment":[{"href":"https:\/\/bezirk04.de\/wordpress\/wp-json\/wp\/v2\/media?parent=19"}],"curies":[{"name":"wp","href":"https:\/\/api.w.org\/{rel}","templated":true}]}}